r) = -10*r. Let s(l) = -l**3 + 14*l**2 + l - 13. Let g be s(14). Determine n(g).
-10
Let j be (-8)/(-14) - 64/14. Let g(w) be the third derivative of 0 + 5/6*w**3 + w**2 + 1/24*w**4 + 0*w. Determine g(j).
1
Let o(b) be the second derivative of 4*b - 1/6*b**3 - 1/2*b**2 + 5/12*b**4 + 0. Calculate o(-1).
5
Let p(q) = -2*q**3 + 6*q**2 + 7*q - 14. Let a(i) = -3*i**3 + 5*i**2 + 7*i - 15. Let w(j) = 3*a(j) - 4*p(j). Give w(-8).
3
Suppose -2*g = 2*g + 3*h - 56, 0 = 2*g - 3*h - 46. Suppose 4*w - g = 11. Let n(v) = v**2 - 6*v - 5. Determine n(w).
2
Let k be (6 - 2)*1 - 2. Let h(t) = -1. Let z(n) = 2*n + 2. Let w(v) = k*z(v) + 2*h(v). Calculate w(-2).
-6
Let o(j) = j**3 + 6*j**2 + 5. Suppose -5*k = 3*y - 95, -4*k + 0*k - 2*y = -74. Let a = 10 - k. Determine o(a).
5
Let b be 1*3*20/(-12). Let u(g) = -g. Give u(b).
5
Let x be 4/1*30/8. Suppose 0 = 5*h - 0*h - x. Let i = h - 7. Let u(a) = -a**3 - 4*a**2. Calculate u(i).
0
Suppose 4*u = 3*u + 4*g + 16, g = u - 7. Suppose -9*l + 13*l - 16 = 0. Let w(c) = -2 - 2*c + l - 4 - 3*c + c**2. Determine w(u).
-6
Let o(r) = r**3 - 4*r**2 - 8*r + 6. Let v be (20/8 + 0)/((-2)/(-4)). What is o(v)?
-9
Let h(x) = 2*x**3 - x**2 - 2*x - 1. Suppose 6*u - 9 = 3. Calculate h(u).
7
Suppose -5*a + 7 = -23. Let q(p) = -3 + 7 - 7*p + a - 5 + p**2. Give q(6).
-1
Suppose 2*c = 1 + 5. Let j(m) be the first derivative of -m**2/2 + 4*m + 26. Calculate j(c).
1
Let z(u) = -5 - 5*u + 8 + 2 - 4. Calculate z(1).
-4
Let n(h) = -2*h**3 - 4*h**2 - h - 2 - 3 + 3 + h**3. Let j(s) = -s**2 - 9*s + 12. Let p be j(-10). Let g be (-2 - 0) + p/(-1). Calculate n(g).
2
Let v(f) = 3*f - 2. Let m = 30 + -27. Determine v(m).
7
Let b be (6 - 7)/((-1)/(-3)). Let p(i) = 2*i**3 - 2*i**2 + 2*i + 1. Let a(s) = -5*s**3 + 6*s**2 - 5*s - 3. Let x(l) = 3*a(l) + 8*p(l). Determine x(b).
-13
Let p(y) = y**2 - y - 12. Let n(a) be the first derivative of -a**3/3 + 6*a**2 + 13*a + 1. Let r be n(13). Calculate p(r).
-12
Let p(r) = r. Let b(h) = -3*h - 1. Let d(t) = b(t) + 4*p(t). Suppose 2*y - 5*y = 0. What is d(y)?
-1
Let i(u) = -2*u**2 + 4 + 0 + 7*u**2 - 4*u**2 - 2*u. Suppose 5*r = 4*z - 7, -z = 2*r - 4 - 1. Give i(z).
7
Let r(z) be the second derivative of 0 + 6*z - 1/2*z**3 + 0*z**2. Calculate r(3).
-9
Let d(v) be the first derivative of -1/20*v**5 + 1/2*v**2 - 1/3*v**3 - 1/3*v**4 + 2 + 4*v. Let j(k) be the first derivative of d(k). Calculate j(-3).
-2
Let a(c) = c - 2. Let f(p) be the third derivative of p**4/8 + p**3/6 + 3*p**2. Let y be f(-1). Calculate a(y).
-4
Let z(v) = -9*v + 22. Let s(c) = 5*c - 11. Let f(g) = 5*s(g) + 3*z(g). Determine f(8).
-5
Let r(u) be the third derivative of u**5/60 - u**4/8 - u**3/3 - 6*u**2. Give r(4).
2
Let c(h) = 13*h**3 - 2*h + 1. Let m(o) = -38*o**3 + 6*o - 3. Let t(g) = 17*c(g) + 6*m(g). Give t(1).
-6
Let b(v) = -9*v**2 + 2. Let g(n) = -144*n**2 + 33. Let i(j) = 33*b(j) - 2*g(j). What is i(-1)?
-9
Suppose 0 = -2*h + 4 - 2. Let g(i) = -h - 8*i + 6*i + 10. Let n(x) = -3*x + 19. Let q(o) = -5*g(o) + 3*n(o). Give q(-6).
6
Let q be (10 - 11)/((-2)/6). Let y(w) = w + 3. What is y(q)?
6
Let f(r) = -6*r + 8. Let p(b) = 7*b - 9. Let v(z) = -6*f(z) - 5*p(z). Suppose -2*x + 5 - 1 = 0. Suppose 0 = x*t + 3*t. Calculate v(t).
-3
Let g be (-8)/(-24) + 17/3. Let p(u) = 4 - 9*u**3 - 2*u**2 + 5*u**3 - 2*u - 5 - g*u**3. Give p(-1).
9
Suppose -5*u + 2*u = -21. Let l(a) = a**3 - 7*a**2. Let c be l(u). Let d(t) = t**3 + t**2 - t. Calculate d(c).
0
Let b = 51 - 48. Let f(r) = 4*r. Calculate f(b).
12
Let h(a) = -a**3 - 16*a**2 - 29*a - 22. Let y be h(-14). Let l(c) = -c**3 - 9*c**2 - 8*c - 4. Give l(y).
-4
Let p(u) = -45*u**3 - 5*u + u + 5*u + 53*u**3. Determine p(1).
9
Let u(n) = -n**2 - n + 6. Suppose 4*m - 15 = 2*m - 3*j, -3*j + 15 = -m. Give u(m).
6
Let b(w) be the first derivative of 1/24*w**6 - 1/24*w**4 + 0*w**5 + 0*w**3 - 1/2*w**2 + 2 + 0*w. Let u(o) be the second derivative of b(o). Calculate u(-1).
-4
Let h(g) = -g**3 - 6*g**2. Let u be h(-6). Let z(v) = -4*v + v**3 + 5*v + 7*v**2 - 8*v**2. Give z(u).
0
Let f(h) = 7*h + 1. Let x(u) = 4*u + 1. Let b(j) = 3*f(j) - 4*x(j). Let o(l) = l**3 - 7*l**2 + 7*l - 2. Let c be o(6). Suppose 4*s = 8 - c. Determine b(s).
4
Let v(z) = -z**2 + 6*z - 3. Let x be v(5). Let s(h) = -3 - x*h - h**2 - 5*h - h + 3*h. Suppose 3 = -l - 2*q, -5*l - 15 = 4*q + q. Give s(l).
3
Let q(s) = 1. Let w(h) = 2*h + 7. Let v be (-76)/(-24) + (-1)/6. Suppose r = 2*k + v, -5*k + 0*k + 2*r = 9. Let d(a) = k*q(a) + w(a). Give d(-5).
-6
Let n(i) = 7*i**3 + 2*i**2 - i + 2. Let y(j) = 35*j**3 + 11*j**2 - 6*j + 11. Let s(f) = -11*n(f) + 2*y(f). Calculate s(-1).
8
Let c(d) = -2*d + 2. Let p = 5 + -3. Suppose 3*h = 5*h + p. Let u be (0 - h)*14/7. Determine c(u).
-2
Let f(u) = -u**3 - u**2 - 2. Let t be f(-2). Let d(h) = -h**3 - h**2 + 2*h + 4. Let s be d(-2). Let m(b) = -5*b + 6 + b**t - s + 3*b. Give m(2).
2
Let u(h) = -2*h**3 + 2*h**2 - 1. Suppose -10*l + 2 = -12*l. Calculate u(l).
3
Let a(r) be the first derivative of r**3/3 - r**2/2 - 5*r + 31. Calculate a(4).
7
Let j(r) = -r**3 + 6 + 0 - 2 - r. Let a(t) = t**3 + 2*t**2 + t + 2. Let x be (-2)/4*-4 + -4. Let f be a(x). Give j(f).
4
Let x(i) = -i + 1. Let k = 6 - 2. Let o be x(k). Let m(t) = t**3 + 2*t**2 - t + 4. Determine m(o).
-2
Let f(i) = -i**2 - 6*i + 6. Suppose 0*m = -2*l - 2*m - 16, 4*l + 2*m + 28 = 0. Determine f(l).
6
Let r(x) be the first derivative of 1/4*x**4 + 5/2*x**2 + 5 - 7/3*x**3 + 0*x. Let h(u) = u + 3. Let y be h(3). Determine r(y).
-6
Suppose -m = 5 - 2. Let f be m + 1 - (1 - 2). Let x(s) = s**3 + 2*s**2 + 2*s + 1. What is x(f)?
0
Let t(g) be the second derivative of -g**5/20 + g**4/4 + g**3/2 + 3*g**2/2 + 4*g. Calculate t(3).
12
Suppose 0*u + 15 = 3*u. Let j(a) be the second derivative of a**4/12 - 2*a**3/3 - 2*a**2 + 8*a. Calculate j(u).
1
Suppose 0*d - 6*d = -24. Let w(f) = f**3 - 3*f**2 - f - 4. Give w(d).
8
Let t(o) = o**2 - 6*o - 10. Let b(z) = z**3 + 4*z**2 - 7*z - 3. Let p be b(-5). Determine t(p).
-3
Let i be (-2)/(-12) - (-176)/96. Let g(m) = -9*m. Let u(y) = y. Let d(r) = g(r) + 6*u(r). Determine d(i).
-6
Let a(d) = -d**2 + 4*d - 3. Let u be a(2). Suppose 5*i - 6 = 5*v - 1, 3*i = v + u. Let z(g) = 6*g**3 - 2*g**3 + 0*g**3 + g**2. Give z(v).
-3
Let h(v) = -11*v - 5. Let g(p) = 6*p + 3. Let f(r) = 7*g(r) + 4*h(r). Calculate f(6).
-11
Let l(a) be the second derivative of a**5/20 + a**4/3 - a**3/3 - 3*a**2/2 - 34*a. Calculate l(-4).
5
Let t(g) = -g**3 - 2*g**2 - 3. Let q = 1 - -2. Suppose 3*f + 12 = -4*l, -5 = q*l + 5*f + 4. Calculate t(l).
6
Let r(p) be the third derivative of 2/3*p**3 - 1/6*p**4 - 3*p**2 + 0 + 0*p. Determine r(4).
-12
Let t(s) be the first derivative of -s**3/3 + 3*s**2 - s - 2. What is t(6)?
-1
Suppose -7*m = -0 - 35. Let t(q) be the third derivative of -q**4/8 + 7*q**3/6 + 2*q**2. What is t(m)?
-8
Suppose -4*a - 6 + 14 = 0. Suppose 2*b + 2 = 0, f + a = -2*b - 5. Let s(v) = -v**2 - 4*v. Determine s(f).
-5
Let n be (3 - 1) + 1 - 2. Let p(a) = -7*a**2 - a + 1. Determine p(n).
-7
Let j be (2/4)/(2/(-16)). Let y(f) = f**3 - f**2 - 2*f + 4. Let h(r) = r**3 - 2*r + 3. Let t(o) = 5*h(o) - 4*y(o). What is t(j)?
7
Suppose -4*t - 23 = -5*t + 4*v, -3*t = 5*v + 16. Let g(b) = -1 + 4*b + 3 - b**3 - t*b. Calculate g(-2).
8
Let g(j) = j - 6. Let i be (-1)/4 + (-9)/(-36). What is g(i)?
-6
Let n(g) be the second derivative of g**3/6 + 2*g**2 - 2*g. Give n(-4).
0
Let a(j) = j**2 + 6*j + 6. Suppose 3*m - 4*k + 34 = 0, -4*k - 6 = -2*m - 34. What is a(m)?
6
Suppose 3*g + 2*w = 5*w - 33, -w + 17 = -2*g. Let f(h) = -h**2 - 7*h + 6. Determine f(g).
12
Let t(h) be the third derivative of h**5/60 + h**3/6 - 2*h**2. Let a(v) = -3*v. Let g be a(1). Give t(g).
10
Let u(q) be the second derivative of 1/6*q**3 - q + 4*q**2 + 0. Suppose 3*b + n + 8 = -11, 2*b + 2*n + 18 = 0. Determine u(b).
3
Let q(i) be the second derivative of -i**5/60 + 5*i**4/24 + 3*i**3/2 + i. Let r(p) be the second derivative of q(p). What is r(4)?
-3
Let z = 11 + -9. Let j(t) = 3*t - 1 - 6*t**2 - 6*t**z + 11*t**2. Calculate j(2).
1
Suppose -2*o = 5*v - 6, 5*o = -3 - 7. Suppose v*g = 4*g + 32. Let y be 1/4 - (-84)/g. Let c(t) = t**3 + 4*t**2 - 5*t + 4. What is c(y)?
4
Let g(b) = -b + 3. Let w(z) = z**3 + 7*z**2 + 5*z - 2. Let x be w(-6). Suppose -2*n + 6 = 2*o, x*n + 1 = -7. Give g(o).
-2
Let q(l) 